 factors of 15070?
2, 5, 11, 137
What are the prime factors of 807?
3, 269
List the prime factors of 2230.
2, 5, 223
List the prime factors of 5916.
2, 3, 17, 29
What are the prime factors of 52?
2, 13
What are the prime factors of 17228?
2, 59, 73
List the prime factors of 1008.
2, 3, 7
List the prime factors of 10389.
3, 3463
What are the prime factors of 13364?
2, 13, 257
List the prime factors of 763.
7, 109
List the prime factors of 28769.
13, 2213
What are the prime factors of 674?
2, 337
List the prime factors of 7890.
2, 3, 5, 263
List the prime factors of 6159.
3, 2053
What are the prime factors of 1572?
2, 3, 131
List the prime factors of 3938.
2, 11, 179
What are the prime factors of 5949?
3, 661
List the prime factors of 1885.
5, 13, 29
What are the prime factors of 1732?
2, 433
What are the prime factors of 1721?
1721
What are the prime factors of 48187?
48187
What are the prime factors of 466?
2, 233
What are the prime factors of 49934?
2, 24967
What are the prime factors of 7363?
37, 199
List the prime factors of 20077.
17, 1181
What are the prime factors of 9528?
2, 3, 397
What are the prime factors of 113?
113
List the prime factors of 126380.
2, 5, 71, 89
What are the prime factors of 34075?
5, 29, 47
List the prime factors of 23994.
2, 3, 31, 43
What are the prime factors of 76996?
2, 19249
List the prime factors of 678.
2, 3, 113
What are the prime factors of 612?
2, 3, 17
What are the prime factors of 2872?
2, 359
List the prime factors of 590.
2, 5, 59
What are the prime factors of 22050?
2, 3, 5, 7
List the prime factors of 695.
5, 139
What are the prime factors of 3824?
2, 239
What are the prime factors of 2416?
2, 151
List the prime factors of 116002.
2, 31, 1871
List the prime factors of 11980.
2, 5, 599
List the prime factors of 126455.
5, 7, 3613
List the prime factors of 25726.
2, 19, 677
What are the prime factors of 45032?
2, 13, 433
What are the prime factors of 951?
3, 317
What are the prime factors of 17274?
2, 3, 2879
What are the prime factors of 53639?
53639
What are the prime factors of 419?
419
What are the prime factors of 1779?
3, 593
List the prime factors of 58789.
58789
List the prime factors of 560.
2, 5, 7
List the prime factors of 43248.
2, 3, 17, 53
List the prime factors of 931.
7, 19
List the prime factors of 2437.
2437
What are the prime factors of 62340?
2, 3, 5, 1039
What are the prime factors of 1399?
1399
List the prime factors of 1078.
2, 7, 11
List the prime factors of 89.
89
List the prime factors of 4328.
2, 541
List the prime factors of 459.
3, 17
What are the prime factors of 1282?
2, 641
What are the prime factors of 32022?
2, 3, 593
List the prime factors of 2900.
2, 5, 29
List the prime factors of 1459.
1459
What are the prime factors of 8806?
2, 7, 17, 37
List the prime factors of 3533.
3533
List the prime factors of 1653.
3, 19, 29
What are the prime factors of 5436?
2, 3, 151
List the prime factors of 38718.
2, 3, 239
What are the prime factors of 1113?
3, 7, 53
What are the prime factors of 2300?
2, 5, 23
What are the prime factors of 7399?
7, 151
List the prime factors of 501.
3, 167
What are the prime factors of 7960?
2, 5, 199
List the prime factors of 50006.
2, 11, 2273
What are the prime factors of 16272?
2, 3, 113
What are the prime factors of 7208?
2, 17, 53
What are the prime factors of 6643?
7, 13, 73
What are the prime factors of 254?
2, 127
What are the prime factors of 324?
2, 3
What are the prime factors of 59628?
2, 3, 4969
List the prime factors of 997.
997
List the prime factors of 77758.
2, 17, 2287
List the prime factors of 5834.
2, 2917
List the prime factors of 37936.
2, 2371
List the prime factors of 578.
2, 17
What are the prime factors of 10432?
2, 163
List the prime factors of 103850.
2, 5, 31, 67
What are the prime factors of 7?
7
List the prime factors of 183.
3, 61
What are the prime factors of 1731?
3, 577
What are the prime factors of 1435?
5, 7, 41
What are the prime factors of 6495?
3, 5, 433
What are the prime factors of 12797?
67, 191
List the prime factors of 1234.
2, 617
List the prime factors of 547.
547
List the prime factors of 10257.
3, 13, 263
List the prime factors of 3470.
2, 5, 347
List the prime factors of 292.
2, 73
List the prime factors of 201.
3, 67
List the prime factors of 4442.
2, 2221
What are the prime factors of 773?
773
List the prime factors of 1222.
2, 13, 47
What are the prime factors of 2412?
2, 3, 67
List the prime factors of 587.
587
What are the prime factors of 50182?
2, 11, 2281
What are the prime factors of 23786?
2, 7, 1699
List the prime factors of 2764.
2, 691
What are the prime factors of 2623?
43, 61
List the prime factors of 422.
2, 211
List the prime factors of 15843.
3, 5281
List the prime factors of 9059.
9059
What are the prime factors of 2384?
2, 149
What are the prime factors of 28466?
2, 43, 331
What are the prime factors of 1610?
2, 5, 7, 23
What are the prime factors of 949?
13, 73
What are the prime factors of 4147?
11, 13, 29
List the prime factors of 41296.
2, 29, 89
List the prime factors of 2139.
3, 23, 31
What are the prime factors of 33782?
2, 7, 19, 127
List the prime factors of 104.
2, 13
What are the prime factors of 252?
2, 3, 7
List the prime factors of 29220.
2, 3, 5, 487
List the prime factors of 660.
2, 3, 5, 11
What are the prime factors of 32712?
2, 3, 29, 47
What are the prime factors of 11186?
2, 7, 17, 47
What are the prime factors of 1122?
2, 3, 11, 17
What are the prime factors of 4256?
2, 7, 19
What are the prime factors of 8069?
8069
What are the prime factors of 1673?
7, 239
List the prime factors of 2761.
11, 251
List the prime factors of 34492.
2, 8623
What are the prime factors of 718?
2, 359
What are the prime factors of 39043?
39043
What are the prime factors of 4210?
2, 5, 421
List the prime factors of 21399.
3, 7, 1019
What are the prime factors of 1251?
3, 139
What are the prime factors of 957?
3, 11, 29
List the prime factors of 232.
2, 29
List the prime factors of 2442.
2, 3, 11, 37
What are the prime factors of 14494?
2, 7247
List the prime factors of 13049.
13049
What are the prime factors of 11906?
2, 5953
List the prime factors of 1230.
2, 3, 5, 41
List the prime factors of 17447.
73, 239
What are the prime factors of 1127?
7, 23
List the prime factors of 870.
2, 3, 5, 29
List the prime factors of 9167.
89, 103
What are the prime factors of 8971?
8971
List the prime factors of 70639.
70639
What are the prime factors of 3331?
3331
List the prime factors of 106684.
2, 149, 179
List the prime factors of 2222.
2, 11, 101
What are the prime factors of 327?
3, 109
What are the prime factors of 11391?
3, 3797
What are the prime factors of 13936?
2, 13, 67
What are the prime factors of 1817?
23, 79
List the prime factors of 1043.
7, 149
List the prime factors of 36395.
5, 29, 251
What are the prime factors of 15249?
3, 13, 17, 23
List the prime factors of 1148.
2, 7, 41
List the prime factors of 18840.
2, 3, 5, 157
What are the prime factors of 5275?
5, 211
What are the prime factors of 63313?
63313
List the prime factors of 4575.
3, 5, 61
List the prime factors of 1740.
2, 3, 5, 29
List the prime factors of 185773.
7, 26539
What are the prime factors of 172?
2, 43
List the prime factors of 29951.
61, 491
List the prime factors of 1269.
3, 47
What are the prime factors of 335?
5, 67
List the prime factors of 13245.
3, 5, 883
List the prime factors of 17527.
17, 1031
List the prime factors of 1914.
2, 3, 11, 29
What are the prime factors of 10633?
7, 31
What are the prime factors of 5135?
5, 13, 79
What are the prime factors of 93569?
7, 13367
What are the prime factors of 114720?
2, 3, 5, 239
List the prime factors of 1504.
2, 47
List the prime factors of 1986.
2, 3, 331
What are the prime factors of 174609?
3, 29, 223
List the prime factors of 543.
3, 181
What are the prime factors of 14562?
2, 3, 809
List the prime factors of 7251.
3, 2417
What are the prime factors of 33014?
2, 17, 971
What are the prime factors of 11501?
7, 31, 53
What are the prime factors of 3734?
2, 1867
What are the prime factors of 124424?
2, 103, 151
What are the prime factors of 198?
2, 3, 11
List the prime factors of 49521.
3, 17, 971
What are the prime factors of 1077?
3, 359
List th